?
False
Does 9 divide 162?
True
Is 112 a factor of 946?
False
Does 43 divide 285?
False
Does 10 divide 6700?
True
Does 33 divide 53958?
False
Is 219 a multiple of 6?
False
Does 6 divide 508?
False
Is 1224 a multiple of 17?
True
Does 16 divide 44976?
True
Is 9216 a multiple of 35?
False
Does 72 divide 30825?
False
Is 5 a factor of 825?
True
Is 54579 a multiple of 33?
False
Is 25527 a multiple of 67?
True
Is 206 a multiple of 47?
False
Does 3 divide 435?
True
Is 6 a factor of 652?
False
Does 141 divide 705?
True
Does 8 divide 154?
False
Is 9 a factor of 3006?
True
Does 14 divide 300?
False
Is 174 a multiple of 2?
True
Does 25 divide 6531?
False
Is 19 a factor of 5855?
False
Is 125 a factor of 7459?
False
Is 5 a factor of 4121?
False
Is 3 a factor of 33?
True
Is 19 a factor of 104?
False
Is 243 a factor of 15667?
False
Does 2 divide 7349?
False
Does 26 divide 31833?
False
Does 24 divide 11856?
True
Is 1368 a multiple of 18?
True
Does 277 divide 715?
False
Is 32196 a multiple of 288?
False
Is 9 a factor of 17091?
True
Is 74 a multiple of 6?
False
Is 28 a factor of 37060?
False
Is 21386 a multiple of 28?
False
Is 85 a multiple of 9?
False
Does 33 divide 860?
False
Is 14 a factor of 20907?
False
Is 351 a multiple of 27?
True
Is 548 a multiple of 6?
False
Is 19 a factor of 1160?
False
Does 14 divide 3499?
False
Is 14 a factor of 11984?
True
Is 4 a factor of 83?
False
Is 307 a factor of 113733?
False
Is 20966 a multiple of 22?
True
Is 7 a factor of 1804?
False
Is 26 a factor of 1716?
True
Is 18 a factor of 5115?
False
Is 8980 a multiple of 52?
False
Is 5220 a multiple of 18?
True
Is 96 a factor of 999?
False
Is 29 a factor of 7627?
True
Is 15 a factor of 5025?
True
Is 35475 a multiple of 75?
True
Is 47120 a multiple of 124?
True
Does 79 divide 420?
False
Is 56 a factor of 1747?
False
Does 14 divide 2241?
False
Does 7 divide 10654?
True
Is 569 a multiple of 6?
False
Is 4563 a multiple of 39?
True
Is 16 a factor of 1176?
False
Is 430 a multiple of 106?
False
Does 46 divide 77569?
False
Is 53 a factor of 7897?
True
Is 3 a factor of 930?
True
Does 58 divide 82186?
True
Is 22 a factor of 594?
True
Does 12 divide 1509?
False
Is 1022 a multiple of 54?
False
Does 111 divide 34965?
True
Is 7027 a multiple of 33?
False
Does 21 divide 7349?
False
Does 9 divide 57942?
True
Is 10020 a multiple of 30?
True
Does 37 divide 148?
True
Is 7 a factor of 4499?
False
Is 40 a factor of 20661?
False
Is 14 a factor of 9378?
False
Is 4 a factor of 971?
False
Is 9834 a multiple of 22?
True
Is 300 a multiple of 173?
False
Is 33615 a multiple of 15?
True
Does 385 divide 115115?
True
Is 782 a multiple of 23?
True
Does 30 divide 33034?
False
Does 13 divide 237?
False
Is 100 a factor of 11800?
True
Is 12579 a multiple of 130?
False
Is 203 a multiple of 29?
True
Is 10 a factor of 6256?
False
Is 24 a factor of 10886?
False
Is 67027 a multiple of 97?
True
Is 807 a multiple of 3?
True
Does 154 divide 30954?
True
Does 210 divide 30240?
True
Is 10 a factor of 413?
False
Is 2422 a multiple of 14?
True
Does 5 divide 290?
True
Is 13 a factor of 2172?
False
Is 736 a multiple of 16?
True
Does 2 divide 4714?
True
Is 8 a factor of 2213?
False
Does 23 divide 6923?
True
Is 7 a multiple of 3?
False
Is 3429 a multiple of 127?
True
Is 30822 a multiple of 8?
False
Is 51 a factor of 1632?
True
Is 8 a factor of 200?
True
Does 13 divide 1144?
True
Does 133 divide 8778?
True
Is 10933 a multiple of 167?
False
Is 39 a factor of 2652?
True
Is 5 a factor of 279?
False
Does 230 divide 22625?
False
Does 10 divide 370?
True
Is 47 a factor of 14382?
True
Is 39 a factor of 2262?
True
Is 74448 a multiple of 144?
True
Does 6 divide 4530?
True
Does 27 divide 348?
False
Does 30 divide 1080?
True
Does 95 divide 154?
False
Is 10 a factor of 10170?
True
Is 340 a multiple of 17?
True
Is 19 a factor of 689?
False
Is 14860 a multiple of 27?
False
Is 3906 a multiple of 18?
True
Is 33 a multiple of 3?
True
Is 15368 a multiple of 34?
True
Does 20 divide 280?
True
Is 4278 a multiple of 69?
True
Is 53 a factor of 644?
False
Is 63 a factor of 315?
True
Does 23 divide 6001?
False
Is 919 a multiple of 18?
False
Does 15 divide 2797?
False
Is 305 a multiple of 6?
False
Does 20 divide 60?
True
Is 56 a factor of 1121?
False
Is 16 a factor of 7285?
False
Does 8 divide 2942?
False
Is 639 a multiple of 7?
False
Is 3 a factor of 12?
True
Is 26622 a multiple of 27?
True
Is 140 a factor of 47600?
True
Is 35 a factor of 105?
True
Does 13 divide 3211?
True
Does 30 divide 1260?
True
Is 2 a factor of 2346?
True
Is 13 a factor of 5260?
False
Is 13 a factor of 1690?
True
Does 70 divide 144?
False
Does 29 divide 92089?
False
Does 74 divide 2637?
False
Is 289 a multiple of 36?
False
Does 63 divide 22173?
False
Does 6 divide 42?
True
Is 102 a factor of 9060?
False
Is 715 a multiple of 11?
True
Does 88 divide 26689?
False
Is 7023 a multiple of 124?
False
Is 20 a factor of 831?
False
Is 199 a factor of 7356?
False
Does 181 divide 18100?
True
Is 151285 a multiple of 395?
True
Does 19 divide 577?
False
Is 4 a factor of 1641?
False
Is 7 a factor of 701?
False
Is 2953 a multiple of 13?
False
Does 15 divide 2490?
True
Is 1040 a multiple of 52?
True
Is 73 a factor of 4015?
True
Is 89 a factor of 202?
False
Is 104 a factor of 19541?
False
Is 1656 a multiple of 76?
False
Is 994 a multiple of 14?
True
Does 10 divide 100?
True
Does 12 divide 1425?
False
Does 50 divide 56350?
True
Is 2555 a multiple of 25?
False
Is 14 a factor of 168?
True
Is 26344 a multiple of 89?
True
Does 13 divide 832?
True
Is 3912 a multiple of 36?
False
Is 19 a factor of 48355?
True
Is 56411 a multiple of 12?
False
Is 2835 a multiple of 15?
True
Is 4 a factor of 1067?
False
Does 34 divide 1180?
False
Is 6589 a multiple of 11?
True
Does 5 divide 2070?
True
Is 52 a factor of 2236?
True
Is 110 a factor of 2081?
False
Is 27 a factor of 2767?
False
Does 20 divide 440?
True
Is 60 a multiple of 12?
True
Is 1001 a multiple of 11?
True
Does 6 divide 3360?
True
Does 11 divide 1975?
False
Is 75 a factor of 37050?
True
Does 46 divide 11944?
False
Is 2926 a multiple of 12?
False
Does 2 divide 2430?
True
Is 32884 a multiple of 108?
False
Is 2722 a multiple of 24?
False
Does 19 divide 126?
False
Does 227 divide 4540?
True
Is 12 a factor of 510?
False
Is 544 a multiple of 68?
True
Does 11 divide 5157?
False
Does 210 divide 8820?
True
Is 16 a factor of 4167?
False
Is 24001 a multiple of 20?
False
Does 51 divide 1020?
True
Is 10 a factor of 110?
True
Is 1659 a multiple of 64?
False
Is 225 a multiple of 5?
True
Is 30 a factor of 270?
True
Is 22 a factor of 396?
True
Does 80 divide 2253?
False
Is 59 a factor of 14042?
True
Is 2660 a multiple of 7?
True
Is 160 a factor of 51680?
True
Does 15 divide 668?
False
Is 39 a factor of 39936?
True
Is 3617 a multiple of 3?
False
Is 1624 a multiple of 29?
True
Does 22 divide 17442?
False
Does 7 divide 435?
False
Is 12 a factor of 552?
True
Does 43 divide 69745?
False
Does 37 divide 9972?
False
Does 179 divide 27566?
True
Is 102 a factor of 4488?
True
Is 22 a factor of 12958?
True
Is 7 a factor of 847?
True
Does 13 divide 1923?
False
Is 2 a factor of 35?
False
Is 27 a factor of 31077?
True
Is 12463 a multiple of 24?
False
Is 5079 a multiple of 16?
False
Is 12 a factor of 544?
False
Is 19 a factor of 10887?
True
Does 49 divide 13107?
False
Is 42 a factor of 18060?
True
Is 14 a factor of 14518?
True
Is 50924 a multiple of 80?
False
Does 5 divide 3594?
False
Is 27 a factor of 918?
True
Does 10 divide 270?
True
Is 5 a factor of 514?
False
Is 1655 a multiple of 5?
True
Is 12909 a multiple of 13?
True
Does 24 divide 69?
False
Is 599 a multiple of 19?
False
Is 175 a multiple of 5?
True
Is 638 a multiple of 22?
True
Is 6472 a multiple of 30?
False
Does 21 divide 26417?
False
Is 320 a factor of 105572?
False
Is 23526 a multiple of 153?
False
Is 6 a factor of 5820?
True
Is 46 a factor of 7576?
False
Does 7 divide 3594?
False
Does 7 divide 23996?
True
Is 4 a factor of 1076?
True
Does 80 divide 49440?
True
Is 544 a multiple of 17?
True
Is 13 a factor of 821?
False
Does 44 divide 3520?
True
Is 9797 a multiple of 20?
False
Does 35 divide 4270?
True
Does 88 divide 352?
True
Is 3164 a multiple of 69?
False
Does 9 divide 20232?
True
Does 148 divide 5772?
True
Is 45 a factor of 3698?
